{"id":5,"date":"2017-10-29T22:15:50","date_gmt":"2017-10-29T21:15:50","guid":{"rendered":"http:\/\/paris-coiffure-very.fr\/?page_id=5"},"modified":"2017-11-09T23:47:49","modified_gmt":"2017-11-09T22:47:49","slug":"adresse","status":"publish","type":"page","link":"https:\/\/paris-coiffure-very.fr\/?page_id=5","title":{"rendered":"Nous situer"},"content":{"rendered":"<article>\n<div class=\"contact\">\n<div class=\"content\">\n<h2 class=\"titre\">Adresse<\/h2>\n<p>Atelier de Coiffure Sophie V\u00e9ry<\/p><\/div>\n<div class=\"content\">110 boulevard de Courcelles<br \/>\n75017 Paris<b>T\u00e9l\u00e9phone :\u00a0<\/b><a class=\"effilab-hide\" data-effilab-message=\"Afficher le t\u00e9l\u00e9phone\" data-effilab-action=\"display_phone\"><span class=\"effilab-target\">01 47 63 05 95<\/span><\/a><\/p>\n<\/div>\n<\/div>\n<\/article>\n<article>\n<div class=\"content\">\n<p>Atelier de Coiffure Sophie Very, se situe au 110 boulevard Courcelles Paris 17\u00e8me. Notre salon se trouve entre la station de m\u00e9tro Ternes et Courcelles.<\/p>\n<p style=\"text-align: center;\">\n\t\t<div id=\"intergeo_mapYDN\" class=\"intergeo_map_canvas\" style=\"width:100%;height:300px;width:100%;height:300px;\"><\/div>\n\t\t<script type=\"text\/javascript\">\n\t\t\t\/* <![CDATA[ *\/\n\t\t\tif (!window.intergeo_maps) window.intergeo_maps = [];\n\t\t\twindow.intergeo_maps.push( { container: 'intergeo_mapYDN', options: {\"lat\":48.87889503559,\"lng\":2.3011426551987,\"zoom\":17,\"overlays\":{\"marker\":[{\"position\":[\"48.878895\",\"2.301143\"],\"icon\":false,\"info\":\"<p>Atelier de coiffure Sophie V\\u00e9ry<\\\/p><p>110 Boulevard de Courcelles<\\\/p><p>75017 Paris<\\\/p>\",\"title\":\"Atelier de coiffure Sophie V\\u00e9ry\",\"loc\":\"110 boulevard de Courcelles\"}]}} } );\n\t\t\tif (!window.intergeo_maps_current) window.intergeo_maps_current = null;\n\t\t\t\/* ]]> *\/\n\t\t<\/script>\n\t\t<\/p>\n<\/div>\n<\/article>\n","protected":false},"excerpt":{"rendered":"<p>Adresse Atelier de Coiffure Sophie V\u00e9ry 110 boulevard de Courcelles 75017 ParisT\u00e9l\u00e9phone :\u00a001 47 63 05 95 Atelier de Coiffure Sophie Very, se situe au 110 boulevard Courcelles Paris 17\u00e8me. Notre salon se trouve entre la station de m\u00e9tro Ternes et Courcelles.<\/p>\n","protected":false},"author":1,"featured_media":0,"parent":0,"menu_order":0,"comment_status":"closed","ping_status":"closed","template":"","meta":{"footnotes":""},"class_list":["post-5","page","type-page","status-publish","hentry"],"_links":{"self":[{"href":"https:\/\/paris-coiffure-very.fr\/index.php?rest_route=\/wp\/v2\/pages\/5","targetHints":{"allow":["GET"]}}],"collection":[{"href":"https:\/\/paris-coiffure-very.fr\/index.php?rest_route=\/wp\/v2\/pages"}],"about":[{"href":"https:\/\/paris-coiffure-very.fr\/index.php?rest_route=\/wp\/v2\/types\/page"}],"author":[{"embeddable":true,"href":"https:\/\/paris-coiffure-very.fr\/index.php?rest_route=\/wp\/v2\/users\/1"}],"replies":[{"embeddable":true,"href":"https:\/\/paris-coiffure-very.fr\/index.php?rest_route=%2Fwp%2Fv2%2Fcomments&post=5"}],"version-history":[{"count":8,"href":"https:\/\/paris-coiffure-very.fr\/index.php?rest_route=\/wp\/v2\/pages\/5\/revisions"}],"predecessor-version":[{"id":110,"href":"https:\/\/paris-coiffure-very.fr\/index.php?rest_route=\/wp\/v2\/pages\/5\/revisions\/110"}],"wp:attachment":[{"href":"https:\/\/paris-coiffure-very.fr\/index.php?rest_route=%2Fwp%2Fv2%2Fmedia&parent=5"}],"curies":[{"name":"wp","href":"https:\/\/api.w.org\/{rel}","templated":true}]}}