{"id":132,"date":"2025-01-13T13:10:31","date_gmt":"2025-01-13T12:10:31","guid":{"rendered":"https:\/\/paris-coiffure-very.fr\/?page_id=132"},"modified":"2025-01-13T13:10:31","modified_gmt":"2025-01-13T12:10:31","slug":"information-consommateurs","status":"publish","type":"page","link":"https:\/\/paris-coiffure-very.fr\/?page_id=132","title":{"rendered":"Information consommateurs"},"content":{"rendered":"\n<p><strong>Information consommateurs sur l&rsquo;opposition au d\u00e9marchage t\u00e9l\u00e9phonique<\/strong><\/p>\n\n\n\n<p>Depuis la loi du 6 janvier 1978 relative \u00e0 l\u2019informatique, aux fichiers et aux libert\u00e9s, chacun peut s\u2019opposer \u00e0 l\u2019utilisation ou \u00e0 la cession des donn\u00e9es personnelles nominatives le concernant. Cela permet ainsi notamment au consommateur de s\u2019opposer \u00e0 diff\u00e9rentes formes de prospection commerciale de la part des professionnels utilisant leurs donn\u00e9es.<\/p>\n\n\n\n<p>Ces dispositions ont \u00e9t\u00e9 renforc\u00e9es par la loi HAMON qui a ins\u00e9r\u00e9 \u00e0 l\u2019article L. 223-2 du Code de la consommation, l\u2019obligation pour tout professionnel amen\u00e9 \u00e0 recueillir les donn\u00e9es t\u00e9l\u00e9phoniques d\u2019un consommateur d\u2019informer ce dernier de son droit de s\u2019inscrire sur la liste d\u2019opposition au d\u00e9marchage t\u00e9l\u00e9phonique. Cette obligation est entr\u00e9e en vigueur le 1er juin 2016.<\/p>\n\n\n\n<p>Si les informations relatives aux donn\u00e9es t\u00e9l\u00e9phoniques du consommateur sont recueillies au moment de la conclusion d\u2019un contrat, le contrat doit mentionner de mani\u00e8re claire et compr\u00e9hensible l\u2019existence de ce droit pour le consommateur. Il s\u2019agit donc d\u2019une nouvelle mention \u00e0 ajouter dans les conditions g\u00e9n\u00e9rales de tout professionnel s\u2019adressant au consommateur.<\/p>\n\n\n\n<p>Le consommateur pourra s\u2019inscrire gratuitement sur cette liste disponible sur le site&nbsp;<a href=\"https:\/\/www.bloctel.gouv.fr\/\">www.bloctel.gouv.fr<\/a>.<\/p>\n\n\n\n<p>Outre l\u2019obligation d\u2019information \u00e0 sa charge, le professionnel aura l\u2019interdiction de d\u00e9marcher les consommateurs inscrits sur cette liste, sauf s\u2019il s\u2019agit de clients pr\u00e9alables.<\/p>\n\n\n\n<p>Il incombe donc au professionnel qui souhaite r\u00e9aliser une campagne de prospection de v\u00e9rifier via son inscription au site bloctel.gouv.fr que ses clients ne figurent pas sur cette liste.<\/p>\n\n\n\n<p>Il devra ainsi expurger son fichier de prospection les coordonn\u00e9es des personnes inscrites sur cette liste. Il est par ailleurs rappel\u00e9 que la vente ou la location de fichiers contenant les donn\u00e9es t\u00e9l\u00e9phoniques et les coordonn\u00e9es d\u2019un ou plusieurs consommateurs inscrits sur la liste d\u2019opposition au d\u00e9marchage t\u00e9l\u00e9phonique sont interdites.<\/p>\n\n\n\n<p>Ces interdictions ne sont pas applicables \u00e0 la protection en vue de la fourniture de journaux, de p\u00e9riodiques ou de magazines. Le professionnel qui ne respecte pas ces dispositions s\u2019expose \u00e0 une amende administrative pouvant aller jusqu\u2019\u00e0 15 000 \u20ac s\u2019il est une personne physique et jusqu\u2019\u00e0 75 000 \u20ac s\u2019il est une personne morale.<\/p>\n","protected":false},"excerpt":{"rendered":"<p>Information consommateurs sur l&rsquo;opposition au d\u00e9marchage t\u00e9l\u00e9phonique Depuis la loi du 6 janvier 1978 relative \u00e0 l\u2019informatique, aux fichiers et aux libert\u00e9s, chacun peut s\u2019opposer \u00e0 l\u2019utilisation ou \u00e0 la cession des donn\u00e9es personnelles nominatives le concernant. Cela permet ainsi notamment au consommateur de s\u2019opposer \u00e0 diff\u00e9rentes formes de prospection commerciale de la part des<a class=\"moretag\" href=\"https:\/\/paris-coiffure-very.fr\/?page_id=132\"><span class=\"screen-reader-text\">En savoir plus surInformation consommateurs<\/span>[&#8230;]<\/a><\/p>\n","protected":false},"author":1,"featured_media":0,"parent":0,"menu_order":0,"comment_status":"closed","ping_status":"closed","template":"","meta":{"footnotes":""},"class_list":["post-132","page","type-page","status-publish","hentry"],"_links":{"self":[{"href":"https:\/\/paris-coiffure-very.fr\/index.php?rest_route=\/wp\/v2\/pages\/132","targetHints":{"allow":["GET"]}}],"collection":[{"href":"https:\/\/paris-coiffure-very.fr\/index.php?rest_route=\/wp\/v2\/pages"}],"about":[{"href":"https:\/\/paris-coiffure-very.fr\/index.php?rest_route=\/wp\/v2\/types\/page"}],"author":[{"embeddable":true,"href":"https:\/\/paris-coiffure-very.fr\/index.php?rest_route=\/wp\/v2\/users\/1"}],"replies":[{"embeddable":true,"href":"https:\/\/paris-coiffure-very.fr\/index.php?rest_route=%2Fwp%2Fv2%2Fcomments&post=132"}],"version-history":[{"count":1,"href":"https:\/\/paris-coiffure-very.fr\/index.php?rest_route=\/wp\/v2\/pages\/132\/revisions"}],"predecessor-version":[{"id":133,"href":"https:\/\/paris-coiffure-very.fr\/index.php?rest_route=\/wp\/v2\/pages\/132\/revisions\/133"}],"wp:attachment":[{"href":"https:\/\/paris-coiffure-very.fr\/index.php?rest_route=%2Fwp%2Fv2%2Fmedia&parent=132"}],"curies":[{"name":"wp","href":"https:\/\/api.w.org\/{rel}","templated":true}]}}